*g - 125. What is t(6)?
265
Let c(m) = m**3 + 106*m**2 - 321*m + 53. Determine c(-109).
-601
Let k(t) = -3*t**2 - 648*t - 569. Calculate k(-215).
76
Let m(i) = -20310*i**2 + 182791*i - 21. Give m(9).
-12
Let b(c) = -c**2 + 142075*c + 1562947. Give b(-11).
1
Let a(v) = 300*v**2 - 22178*v - 948. Give a(74).
680
Let j(n) = 2*n**3 - 55*n**2 + 23*n - 477. Give j(27).
-585
Let a(g) = 6*g**2 - 8431*g - 8433. Give a(-1).
4
Let n(z) = -43631*z + 567174. Determine n(13).
-29
Let t(g) = -7*g**3 + 148*g**2 + 19*g - 732. Calculate t(21).
108
Let q(p) = -p**2 + 269*p + 25. Determine q(0).
25
Let n(m) = 15*m**2 + 2008*m + 170. Determine n(-133).
-1559
Let l(y) = 247*y**2 + 27911*y + 22. Calculate l(-113).
22
Let b(m) = -m**3 + 9*m**2 - 13*m + 130. Give b(6).
160
Let l(z) = 53*z**3 + 366*z**2 - 43*z. Give l(-7).
56
Let x(f) = 20011*f - 218353. What is x(11)?
1768
Let g(n) = -4*n**3 + 61*n**2 + 508*n - 20. Determine g(-6).
-8
Let c(l) = 136*l**3 - 26*l**2 - 26*l + 1. Determine c(-1).
-135
Let b(x) = 66900*x + 2341491. Give b(-35).
-9
Let f(n) = -2*n**3 - 186*n**2 - 1211*n - 632. Give f(-86).
-30
Let n(z) = 23*z**2 - 629*z - 1402. Calculate n(28).
-982
Let u(z) = -736*z - 99292. Determine u(-135).
68
Let m(u) = 598*u - 5832. Determine m(10).
148
Let m(i) = 236*i**2 + 8275*i + 496. Determine m(-35).
-29
Let o(n) = n**3 - 14*n**2 - 71*n - 275. What is o(18)?
-257
Let o(v) = -2*v**3 - 131*v**2 - 1964*v - 147. Calculate o(-23).
60
Let k(x) = -32962*x - 890149. Give k(-27).
-175
Let y(x) = 66*x**2 + 71608*x - 2213. Determine y(-1085).
-43
Let m(k) = -2*k**3 + 752*k**2 - 37405*k - 52. Determine m(59).
7
Let n(l) = 244916*l + 26450930. Give n(-108).
2
Let c(l) = -l**2 - 117144*l - 702835. Give c(-6).
-7
Let m(d) = -d**3 - 4*d**2 - 14*d - 291. Give m(-9).
240
Let v(r) = -27*r**3 - 28*r**2 + 82*r + 77. What is v(3)?
-658
Let u(h) = h**2 + 1423*h + 60574. Determine u(-44).
-102
Let a(i) = -50*i - 9479. Determine a(-186).
-179
Let t(d) = 2*d**3 - 2*d**2 - 561*d - 492. Give t(-16).
-220
Let h(g) = -29*g**2 + 2318*g + 13842. Give h(-6).
-1110
Let h(a) = -a**3 + 10*a**2 + 11268*a - 67624. Give h(6).
128
Let t(h) = -3725*h + 14918. Give t(4).
18
Let d(p) = -3*p**2 + 1931*p + 17644. Give d(-9).
22
Let a(v) = 8494*v - 33911. Give a(4).
65
Let f(r) = 3*r**3 - 21*r**2 + 21*r - 203. Determine f(9).
472
Let r(n) = 5*n**2 + 1841*n - 7329. Determine r(4).
115
Let i(c) = 60*c**2 + 19*c - 14. What is i(1)?
65
Let o(c) = -67*c**3 - 734*c**2 + 19*c - 166. Give o(-11).
-12
Let i(b) = -b**3 + 326*b**2 - 326*b + 296. Calculate i(325).
-29
Let i(d) = -55*d**2 + 724*d - 2264. What is i(8)?
8
Let p(v) = -1977*v + 156150. Give p(79).
-33
Let x(q) = 44*q**2 - 54*q + 39. What is x(1)?
29
Let n(a) = 134*a**2 + 4948*a + 50. Determine n(-37).
420
Let g(i) = -345*i - 11041. Give g(-32).
-1
Let v(y) = -10*y + 1418. Determine v(145).
-32
Let x(s) = -3*s**2 + 245*s + 8383. Give x(-28).
-829
Let w(f) = -18*f**3 + 13*f**2 + 22*f - 23. Give w(1).
-6
Let p(r) = 32*r**2 + 129*r + 6. What is p(-3)?
-93
Let c(r) = -r**3 + 256*r**2 + 3440*r - 764. Give c(-13).
-23
Let z(y) = 28*y**2 - 13323*y + 78881. What is z(6)?
-49
Let m(b) = b**3 + 49743*b**2 + 49751*b + 8. Determine m(-1).
-1
Let o(q) = -4156*q + 5259. Determine o(1).
1103
Let j(p) = -p**2 - 54*p + 54. Give j(-42).
558
Let m(b) = 158*b**2 - 1078*b - 136. What is m(7)?
60
Let d(c) = -c**2 + 52978*c + 5573714. What is d(-105)?
-1
Let y(z) = 4*z**2 + 44*z - 40. What is y(-14)?
128
Let t(o) = 2566*o - 46193. Determine t(18).
-5
Let s(b) = b**3 + 284*b**2 - 81*b + 4. What is s(0)?
4
Let g(q) = -q**3 - 2*q**2 + 2158*q + 53. Determine g(0).
53
Let j(m) = 76*m - 16196. What is j(213)?
-8
Let t(b) = 435*b + 121871. Calculate t(-280).
71
Let r(w) = -w**3 - 5*w**2 + 157*w + 223. Determine r(-15).
118
Let w(q) = q**3 - 14*q**2 - 17*q + 84. Give w(2).
2
Let l(x) = 2*x**3 + 319*x**2 - 2488*x - 17. Give l(8).
1519
Let g(r) = 80*r + 5463. Determine g(-63).
423
Let x(y) = -2*y**2 - 37*y - 98. Calculate x(-3).
-5
Let l(f) = 1284*f + 37634. Give l(-28).
1682
Let t(z) = -938738*z - 8448691. Calculate t(-9).
-49
Let u(n) = -612*n - 7847. Calculate u(-12).
-503
Let a(r) = 42*r**2 - 5052*r - 54698. What is a(-10)?
22
Let s(k) = 5*k**3 - 46*k**2 - 76*k + 558. What is s(11)?
811
Let p(v) = -3348*v + 157318. Give p(47).
-38
Let t(z) = -z**2 - 8134*z + 848418. Give t(103).
7
Let k(g) = -g**3 + 24*g**2 + 148*g + 65. Determine k(-7).
548
Let q(j) = 80*j**3 + 873*j**2 + 51*j + 28. Give q(-11).
-1380
Let q(s) = -s**3 - 14*s**2 + 2445*s - 284. Calculate q(-57).
58
Let z(c) = c**3 + 25*c**2 - 220*c - 4855. Give z(-27).
-373
Let g(f) = 30446*f + 29562. Calculate g(-1).
-884
Let f(p) = -2*p**3 + 31*p**2 + 403*p + 112. Determine f(24).
-8
Let r(b) = 18*b**2 - 3197*b - 4491. What is r(179)?
-16
Let j(y) = -5*y**3 - 35*y**2 + 2264*y + 15880. Calculate j(-7).
32
Let w(n) = 23*n - 3382. Give w(128).
-438
Let b(t) = -740*t + 48097. Give b(65).
-3
Let j(i) = 8*i**2 + 1204*i + 3019. Calculate j(-148).
59
Let p(j) = -12880*j + 90255. Determine p(7).
95
Let u(j) = -3*j**2 - 1636*j - 131822. Calculate u(-447).
43
Let f(d) = -17*d**3 - 3*d**2 - 183*d - 1046. What is f(-6)?
3616
Let o(n) = n**3 - 21*n**2 - 44*n + 166. Calculate o(2).
2
Let c(j) = -j**3 + 45*j**2 + 159*j - 577. Calculate c(48).
143
Let c(b) = 1780*b + 30265. What is c(-17)?
5
Let l(a) = 120*a**2 - 2774*a + 73. Give l(23).
-249
Let f(w) = -39*w - 25. Give f(-4).
131
Let w(p) = -1197905*p + 10781154. Give w(9).
9
Let i(d) = -11*d**3 + 19*d**2 + 138*d - 274. Determine i(2).
-10
Let g(z) = -1336241*z - 8017454. Give g(-6).
-8
Let w(x) = 3300*x - 39458. Calculate w(12).
142
Let j(c) = -24*c**2 - 21*c + 59. Give j(2).
-79
Let i(a) = 4460*a + 110225. What is i(-25)?
-1275
Let k(v) = -411*v - 36300. Calculate k(-92).
1512
Let k(p) = -p**3 - 4*p**2 + 38*p + 11. Give k(-9).
74
Let c(x) = -93*x**2 - 2250*x - 6238. Determine c(-21).
-1
Let n(m) = 11*m**2 - 12608*m + 616484. Determine n(1095).
-1
Let l(d) = d**2 - 222*d - 5372. Determine l(-22).
-4
Let v(s) = -11*s**2 - 4295*s + 25873. Calculate v(6).
-293
Let z(f) = 455*f - 117394. What is z(258)?
-4
Let i(t) = t**3 + 6553*t**2 - 984898*t - 243. Give i(147).
51
Let d(r) = 4*r**2 + 86*r - 2739. Calculate d(-39).
-9
Let x(s) = -249*s + 12317. Give x(49).
116
Let h(p) = -612*p + 8014. Calculate h(15).
-1166
Let v(w) = 140642*w - 6047608. Determine v(43).
-2
Let l(w) = -17*w**2 + 1238*w - 3721. What is l(3)?
-160
Let k(a) = -a**3 - 109*a**2 + 721*a - 183. What is k(-115)?
-3748
Let f(c) = 340*c**2 + 10154*c - 1. Give f(-30).
1379
Let r(b) = 6*b**2 - 391*b + 300. What is r(65)?
235
Let u(w) = -2*w**3 - 25*w**2 - 1757*w - 23022. What is u(-13)?
-12
Let i(c) = 2065*c - 1736. What is i(1)?
329
Let z(g) = -7*g**2 - 363*g + 769. Give z(-54).
-41
Let o(d) = 4*d**2 + 59*d - 185. Calculate o(3).
28
Let k(g) = -34245*g + 205540. Calculate k(6).
70
Let d(h) = -1907*h + 2062. Determine d(1).
155
Let z(b) = 6340*b - 3791318. Determine z(598).
2
Let x(p) = 2404*p - 158673. Determine x(66).
-9
Let i(c) = c**3 + 595*c**2 + 681*c + 51802. Calculate i(-594).
124
Let m(w) = 20717*w - 3501157. Give m(169).
16
Let m(w) = w**3 + 199*w**2 - 108*w + 18285. What is m(-200)?
-115
Let i(b) = -7*b**2 + 1850*b - 10625. Give i(258).
727
Let n(o) = -12*o**3 + 6*o**2 - 119*o + 626. Give n(5).
-1319
Let y(u) = 278*u - 6946. Give y(25).
4
Let x(z) = -471*z - 24594. Give x(-52).
-102
Let o(z) = z**2 - 340115*z + 1360453. What is o(4)?
9
Let d(z) = z**3 - 15*z**2 - 232*z - 46. Give d(-12).
-1150
Let w(y) = 254*y - 2807. What is w(11)?
-13
Let c(p) = -6028*p + 482236. What is c(80)?
-4
Let a(t) = 8847*t - 327345. Give a(37).
-6
Let b(l) = -l**2 - 38*l - 579. Determine b(-34).
-443
Let y(n) = -n**2 - 337*n - 6925. Determine y(-22).
5
Let n(t) = -t**3 - 25*t**2 - 12*t - 219. Determine n(0).
-219
Let d(x) = 8*x**2 + 491*x - 2550. What is d(5)?
105
Let q(f) = -336*f**2 + 41*f - 57. Give q(0).
-57
Let c(q) = -q**2 + 65967*q - 527677. Calculate c(8).
-5
Let l(v) = 39*v**3 - 10*v**2 + 38*v - 23. Give l(4).
2465
Let x(d) = -d**3 - 105*d**2 + 132*d + 2499. Determine x(-106).
-257
Let i(a) = -77425*a + 9213572. Give i(119).
-3
Let n(f) = -3*f**3 + 129*f**2 + 135*f + 5. Determine n(-1).
2
Let a(r) = 48*r**3 + 466*r**2 - 153*r - 43. What is a(-1